= f**2 - 13*f + 8. Let m(v) = v**2 + 46*v + 316. Let a be m(-38). Calculate c(a).
-4
Let g(t) be the second derivative of 2*t**2 + 2*t - 1/6*t**3 + 0. Suppose 0 = 5*y + 10, w + 8*y = 10*y. Determine g(w).
8
Suppose 10*u + 21 = 51. Let o(t) = -3*t**2 - 2*t + 2. Determine o(u).
-31
Let b(o) = 2*o - 30 - 2*o + o**3 + 31 - 2*o - 3*o**2 - 2*o. Determine b(4).
1
Let l(p) = -2*p - 3 - 2 - 2*p - 2*p - 3*p**2 + 4*p**2. Suppose -20 = -4*c - 0. Determine l(c).
-10
Let m(h) = 5*h**2 + h - 1. Let w(b) = -21*b**2 - 5*b + 5. Let k(c) = -9*m(c) - 2*w(c). Let s = -9 + 10. Give k(s).
-3
Let m(a) = 2*a - 22. Let y be m(14). Let d(t) = -t**3 + 5*t**2 + 6*t + 8. Determine d(y).
8
Let p(k) = k**2 - 3*k + 6. Suppose 5*j + 5*h - 105 = 125, -224 = -4*j + 4*h. Suppose j = 6*f + 21. What is p(f)?
16
Suppose 3*f - 4*f = -10. Let u(a) = 6*a + 5*a + 3 - f*a + 1. Give u(-5).
-1
Let x(g) be the second derivative of 0 + g + g**2 + 1/6*g**3. Suppose 3*n - 5*l = -0*n - 40, 5*l = -3*n + 10. Calculate x(n).
-3
Let r(p) = -4*p. Let g(v) = 2*v + 18. Let s be g(16). Let x = 52 - s. Give r(x).
-8
Let s = 82 + -83. Let k(h) = 6*h**2 - 2*h - 1. Give k(s).
7
Let p(d) = d**2 - 6*d + 5. Let l(t) = 2*t**2 - 13*t - 19. Let r be l(8). Determine p(r).
0
Let t(c) = -3*c**2 - 5*c - 2. Let k(h) = 9*h**2 + 11*h + 6. Let f(d) = 2*k(d) + 5*t(d). Determine f(-3).
38
Let m(u) = u**3 - 4*u**2 + 4*u - 6. Let n(y) = y**3 - 5*y**2 + 5*y - 6. Suppose -11*c = -20*c - 36. Let i(f) = c*m(f) + 3*n(f). Calculate i(0).
6
Suppose -6*b + 24 = -2*b. Let q(i) = 4*i**2 - 5*i**2 - 5*i + 5*i. Let l(h) = 5*h**2 + h + 13. Let r(w) = b*q(w) + l(w). What is r(0)?
13
Let g(t) be the third derivative of t**6/24 - t**5/60 + t**4/6 - 2*t**3/3 - 535*t**2. What is g(1)?
4
Suppose -4*c = -v + 6, -3*v + 1 = -3*c - 17. Let i(f) = -4*f**2 - 2. Let a(x) = x**2 - x - 1. Let r(q) = 5*a(q) + i(q). Calculate r(v).
-1
Let x be (-8)/2*(-4)/(-8). Let b = x - -2. Let j(k) = 0*k**2 - k**3 - 2*k**2 - k + k**2 + 7. Determine j(b).
7
Suppose -3 = 3*b + 21. Let j(a) = -a**3 - 7*a**2 + 11*a + 18. Give j(b).
-6
Let a = 36 - 28. Suppose -a*o + 2*o = -2*o. Let c(p) = p**3 + 7. Determine c(o).
7
Let y(u) = u**3 - 2*u - 3. Let b be y(0). Let d = b + 10. Let q = d - 8. Let h(o) = o**2 - o. Determine h(q).
2
Let a = 1 - -2. Suppose 0 = 5*j - a*y + 2 - 7, -1 = -j - 3*y. Let p(x) be the third derivative of -7*x**4/24 + x**3/6 + 6*x**2. Give p(j).
-6
Let m(c) be the first derivative of -5*c**2/2 + c + 676. Determine m(1).
-4
Let s(u) be the second derivative of u**3 + 23*u**2/2 - 46*u. Give s(-3).
5
Let d(o) = o + 0 + o**3 - 6*o**2 + 0 - 4. Let z be (-12 - (-2 + -21)) + -5. Calculate d(z).
2
Let a(f) = f**3 - 6*f**2 - 8*f - 1. Let l(z) = 5*z**2 + 7*z + 1. Let k(n) = -5*a(n) - 6*l(n). Let x be (-2)/(-4)*-3*-2. Suppose -4*j - x = 1. Determine k(j).
6
Let k(g) = -g**2 + g - 10. Suppose -3 - 6 = 3*u. Let y be (-12)/20 + u/(-5). Calculate k(y).
-10
Suppose 24 = 56*b + 696. Let u(a) = 2*a + 8 - a + 3. Give u(b).
-1
Let z(l) = l**2 - 12. Let u(f) = -3*f**2 + 42*f + 35. Let n(m) = m**2 - 21*m - 18. Let j(y) = 5*n(y) + 2*u(y). Let h be j(-20). What is z(h)?
-12
Let z(m) be the third derivative of -m**5/60 + m**4/8 - m**3/2 - 6*m**2. Suppose 4*j = 5*f - j - 40, -3*j = -3. Let b be (f/18)/(2/16). Determine z(b).
-7
Let k(q) = 2*q + 2*q + 1 + 1. Let v = 3792 + -3795. Calculate k(v).
-10
Let k(f) be the third derivative of -f**6/720 - f**5/120 + f**4/2 - 5*f**2. Let v(q) be the second derivative of k(q). What is v(-5)?
4
Let s(x) = -5*x**2 + 3*x + 3. Suppose -3*j - 23 = 4*k, -k = -4*k + 3*j + 9. Give s(k).
-23
Let u = -8 - -11. Let v(o) be the third derivative of -o**5/60 + o**3/2 - 25*o**2. Calculate v(u).
-6
Let z(r) = r**3 + 3 + 52*r - 5 - 26*r - 27*r. Let d(t) = t**3 + 6*t**2 - 8*t - 7. Let u be d(-7). Determine z(u).
-2
Let x(z) = -3 + 8 - 4*z + z. Let l(i) = 2*i**2 + 18*i - 38. Let m be l(2). Calculate x(m).
-13
Let a(n) = 2*n**2 - 3*n + 6. Let o(j) = j**2. Let c be o(2). Give a(c).
26
Let g(m) = -m**3 + 6*m**2 + 4*m + 6. Let q(o) be the first derivative of -o**4/2 + 4*o**3 + 7*o**2/2 + 13*o - 5. Let c(w) = 7*g(w) - 3*q(w). What is c(7)?
3
Let b(u) = -7*u + 41*u**2 + 9 + 16*u - 40*u**2. Let f be b(-7). Let l(c) = c**2 + 2*c - 3. Give l(f).
12
Let f be (-68)/(-12) - 2/3. Let q(s) be the third derivative of 1/2*s**3 + 0 + 1/6*s**4 + 0*s - 1/60*s**5 + s**2. Determine q(f).
-2
Let m = 71 + -70. Let s(f) = m - 5*f - 10*f - 4 + 13*f. Calculate s(-7).
11
Let z(n) = -n**2 + 5*n - 4. Suppose 0*o = 4*b - o - 35, -o = -3*b + 27. Suppose 35 = b*q - q. Give z(q).
-4
Let k(y) = -8*y**2 - 12*y + 12. Let a(z) = -z**2. Let p(w) = -10*a(w) + k(w). Determine p(8).
44
Let z = -980 + 974. Let h(n) = n**2 + 9*n + 1. Calculate h(z).
-17
Suppose 4*b - 32 = 24. Let m = b - 13. Let d(h) = -h**2 + h - 1. Give d(m).
-1
Let p be -3*(7/12 + 3/(-12)). Let l(z) = 7*z**3 + z**2 + z + 1. What is l(p)?
-6
Let s(p) = 34*p**3 + p**2 - 2*p + 1. Let b be 336/(-56) - (-7 - 0). What is s(b)?
34
Let u(o) be the second derivative of -o**5/20 + o**4/4 - o**3/2 + o**2/2 + 2*o. Let q(a) = -2*a**3 - 15*a**2 - 7*a + 2. Let t be q(-7). Determine u(t).
-1
Let v(a) = -a**2 - 4*a - 3. Suppose -3 = n + 2*x, 2*x = -5*n - 3*x - 5. Suppose k + 6 = n. What is v(k)?
-8
Suppose 3*q - 38 = 2*q. Let o be (-3)/(4 + q/(-8)). Let h(l) = l**2 - 6*l + 4. Give h(o).
-4
Let j(r) = 15*r - 95. Let s(t) = -t + 3. Let m(g) = -j(g) - 20*s(g). Calculate m(-8).
-5
Let y be 4/3*18/24. Let c(g) = -2 + 7 - y + g + g**3 - 6*g**2 + 7*g**2. Give c(0).
4
Let z be 1 - (0 + (-2 - -1)). Suppose 0 = -5*n + y + 2*y + 3, -5*n + z*y = -7. Let o(x) = -x + 2. What is o(n)?
-1
Let k(n) be the second derivative of -n**6/720 + 5*n**4/6 - 13*n. Let t(x) be the third derivative of k(x). Suppose -c - c = 2, 5 = 3*y - 2*c. Give t(y).
-1
Let m(s) = s**2 + 2*s + 2. Let b(d) = 2*d + 35. Let w be b(-20). Let k(v) = 2*v**2 + 4*v + 4. Let a(p) = w*m(p) + 2*k(p). What is a(-3)?
-5
Let s(l) = -3*l**2 - 2*l + 8857 - 8*l**3 - 8870 + 9*l**3. What is s(4)?
-5
Let q(f) = 4*f**3 + 3*f**2 + 3*f - 12. Let d(a) = 3*a**3 + 4*a**2 + 3*a - 11. Let c(t) = -3*d(t) + 2*q(t). Give c(-4).
-11
Suppose 2*r - 7 = -1. Let u(j) be the first derivative of j**2 + 1/4*j**4 - 6 - 4/3*j**3 - 2*j. Determine u(r).
-5
Let w(h) = 43*h - 58*h - 5 + 13*h + 1 + h**2. Calculate w(4).
4
Let a(v) = -21*v + 1. Let f(k) = 3*k**2 - 2*k - 4. Let n be f(-2). Suppose 6*h + 18 = n. Calculate a(h).
22
Let t(f) = -15*f**3 + 51*f**2 + 16*f + 24. Let d(r) = 7*r**3 - 24*r**2 - 8*r - 11. Let h(a) = -13*d(a) - 6*t(a). Determine h(7).
6
Let l(d) be the second derivative of -d**5/20 + d**4/4 + d**3/2 - d**2/2 - d. Let a be 77/(-44)*4 - (-4*11)/4. Give l(a).
-5
Let z(f) = -11*f**3 + 9*f**2 - 4*f + 2. Let n(t) = 6*t**3 - 5*t**2 + 2*t - 1. Let p(w) = 7*n(w) + 4*z(w). Let x = -3000 + 3001. What is p(x)?
-2
Let k be (-10)/4*(-12)/10. Suppose -k*i - 4*b = 14, 0 = 4*i + 5*b + 12 + 5. Let h(a) = 4*a + 2. Determine h(i).
10
Let m = 717 - 720. Let f(z) = -z**3 - z**2 - 2*z - 1. What is f(m)?
23
Suppose 0 = -v - 3*i + 14, 2*v - 3*v = -4*i + 7. Let z be ((-4)/(-10) + -1)/(4/(-20)). Let a(d) = -v*d + z*d + 2*d + 3*d - 4. Determine a(3).
5
Let s(g) = -2*g - 6. Suppose -3*y = -5*x - 20, 0 = -3*y + 6*y. Calculate s(x).
2
Let m(g) = -1. Let w(n) = 3 - n - 1 + 5 - 4. Let h(u) = -5*m(u) - w(u). What is h(7)?
9
Let d(w) = -w**3 - 15*w**2 - 13*w + 16. Let j be d(-14). Let s(h) = -6*h**j + 2*h**2 + 10*h**3 + 3*h**2 + 1 + h. What is s(-1)?
-11
Let s(q) = -4 + q**3 - 8 + 19 - 8 - q + 10*q + 10*q**2. Give s(-8).
55
Let l(h) = -h - 12. Let a be l(-16). Let b(u) be the third derivative of 2/3*u**3 + 2*u**2 + 0 - 1/8*u**4 + 0*u. Give b(a).
-8
Let p(c) = c**2 + 85*c + 1535. Let x be p(-26). Let b(m) = -4*m + 6. Let g(k) = 13*k - 17. Let v(r) = 17*b(r) + 6*g(r). Calculate v(x).
10
Let c(u) = u**3 - u**2 + 1. Let m(q) = 3*q**3 + q**2 - 4*q - 3. Let p(i) = 2*c(i) - m(i). Let z = -11 + 7. What is p(z)?
5
Let h(z) be the second derivative of z**3/3 - 7*z**2/2 - 14*z. Let c be (-4 + -1)/((-10)/(-24)*-2). Give h(c).
5
Let x = -18 + 18. Suppose 4*w - 2*w - 14 = x. Suppose 3*y = 4*c - 4 - w, -c + 5*y + 7 = 0. Let j(v) = -2*v**2 + 4*v - 2. Determine j(c).
-2
Suppose -294 = 50*w - w. Let u(o) = 2*o + 3. What is u(w)?
-9
Suppose -75 + 6 = 23*n. Let t(x) 